001010 (base 2) to base 16
-2c50a
Convert -b1a5b4 (base 15) to base 14.
-1199510
Convert 4a5440 (base 11) to base 4.
3002301211
-80688 (base 11) to base 8
-346276
-313232221 (base 4) to base 3
-102121010021
Convert -117329 (base 12) to base 11.
-182a71
What is -50623 (base 9) in base 4?
-20020200
What is 60689 (base 12) in base 14?
339a1
Convert 175146 (base 9) to base 12.
52b20
Convert 13210123 (base 4) to base 6.
355311
-120010012220 (base 3) to base 6
-10213423
What is -261572 (base 12) in base 16?
-987e6
What is 21113124 (base 6) in base 12?
2587a4
-74ea7 (base 15) to base 13
-ccc46
-633636 (base 9) to base 15
-76923
What is -89b39 (base 13) in base 7?
-2061232
-16321873 (base 9) to base 12
-2898193
Convert -1916180 (base 13) to base 9.
-16403565
-303258 (base 9) to base 13
-63956
Convert 8bf81 (base 16) to base 4.
2023332001
What is -10011010100111100 (base 2) in base 10?
-79164
Convert -71130 (base 14) to base 8.
-1023026
Convert -20370326 (base 8) to base 5.
-2101241434
What is -87a2b (base 16) in base 4?
-2013220223
Convert 4a918 (base 11) to base 7.
422530
d3cc (base 15) to base 9
67333
Convert 12211213022 (base 4) to base 11.
a7a50a
Convert 863b5 (base 16) to base 14.
104525
Convert 11000101101010101 (base 2) to base 15.
1eec0
What is abe61 (base 15) in base 2?
10000101011100111000
1c15c0 (base 13) to base 12
2a7087
What is 58770 (base 15) in base 7?
2252406
-63970 (base 15) to base 12
-132a59
32311020002 (base 4) to base 15
51bd48
What is 18c1b (base 15) in base 16?
139df
What is 2010000022002 (base 3) in base 6?
40015045
191b13 (base 12) to base 9
737806
Convert -4111376 (base 9) to base 5.
-1030124130
What is 201212022 (base 4) in base 8?
414612
What is -2222020122 (base 3) in base 4?
-32102003
Convert 110003231021 (base 4) to base 11.
2a71502
What is -210112120100 (base 3) in base 10?
-423963
Convert -7a9de7 (base 15) to base 2.
-10110010101100010100000
What is -14c64 (base 16) in base 8?
-246144
-428898 (base 13) to base 11
-977077
Convert -6815020 (base 10) to base 15.
-8e93ea
What is 60764 (base 14) in base 7?
1654154
12311052 (base 6) to base 14
a5132
Convert 263228 (base 12) to base 9.
1155785
Convert 27067360 (base 8) to base 16.
5c6ef0
-14401113 (base 6) to base 13
-14583c
What is -566365 (base 9) in base 14?
-8b90b
Convert 3c8e3 (base 16) to base 4.
330203203
Convert -332674 (base 8) to base 9.
-180641
Convert 3a42724 (base 11) to base 16.
6a9e1c
Convert 2211020020100 (base 3) to base 7.
15516333
3334221302 (base 5) to base 8
33767623
What is -1366201 (base 7) in base 3?
-100101021021
What is 278831 (base 9) in base 6?
3353301
-4b7030 (base 13) to base 10
-1814761
43004434 (base 5) to base 11
226518
12314323 (base 5) to base 9
202502
5057 (base 12) to base 3
102221111
What is -389a0 (base 14) in base 9?
-231730
Convert 187aa8 (base 15) to base 7.
13055402
What is 1135507 (base 9) in base 5?
124123410
Convert -3684124 (base 10) to base 2.
-1110000011011100011100
-3005211 (base 6) to base 2
-100010011101000111
What is -125252025 (base 6) in base 4?
-21201030101
-111221211022 (base 3) to base 11
-178433
432674 (base 8) to base 15
2cda3
203ecb (base 15) to base 12
61a848
-2204241 (base 8) to base 5
-122421113
-4b7ae3 (base 16) to base 11
-2879553
Convert -100011011000011110 (base 2) to base 3.
-21100210122
300504225 (base 6) to base 5
2300004211
-6155d (base 15) to base 7
-2422642
What is 1014796 (base 12) in base 8?
13400142
Convert -467d0 (base 14) to base 11.
-107a95
Convert -90715 (base 12) to base 13.
-67547
303203104 (base 5) to base 7
13262415
What is 2002020 (base 4) in base 14?
306c
Convert -103003103010 (base 4) to base 13.
-105b298
Convert 125c7b0 (base 13) to base 10.
5739890
What is 235696 (base 10) in base 7?
2001106
What is 75599 (base 11) in base 15?
2283a
What is 260b4 (base 12) in base 5?
3130401
What is -12d18 (base 15) in base 12?
-2aaab
What is -6301d6 (base 16) in base 12?
-220ab32
-553610 (base 12) to base 8
-5124254
What is 6789 (base 12) in base 10?
11481
24021112 (base 5) to base 15
45372
Convert 1f3d2 (base 16) to base 7.
1042021
Convert 111002210101 (base 3) to base 8.
767572
-110912 (base 11) to base 7
-1334302
What is -51035426 (base 7) in base 6?
-230550242
Convert 6251253 (base 7) to base 4.
2313211320
30120430 (base 5) to base 3
110010122212
-5a884c (base 13) to base 4
-20033212223
10110001101011110110100 (base 2) to base 9
11853730
1706a (base 14) to base 13
2036b
What is 8355160 (base 10) in base 11?
47973a0
Convert -7253230 (base 8) to base 9.
-3550416
What is 178854 (base 11) in base 4?
1003030031
Convert 55540320 (base 6) to base 7.
20153430
What is 12344504 (base 6) in base 5?
100342213
Convert -10110011111000011 (base 2) to base 14.
-257c7
Convert 31555516 (base 7) to base 6.
133324311
1904b8 (base 12) to base 13
1236b9
Convert 1010100001101101110000 (base 2) to base 16.
2a1b70
Convert -131042 (base 6) to base 4.
-2322002
-9c394 (base 13) to base 8
-1052611
Convert -156520340 (base 7) to base 16.
-a2ecae
Convert 24113241 (base 5) to base 10.
222946
4331043 (base 6) to base 2
110100010001000011
What is 9742a6 (base 12) in base 13?
659985
What is -20423 (base 11) in base 13?
-10738
Convert 115003245 (base 7) to base 12.
24a1959
What is -15188 (base 15) in base 11?
-46a85
What is 4226030 (base 10) in base 12?
14b9752
What is -1252217 (base 9) in base 12?
-28b9a4
Convert -7472a5 (base 14) to base 8.
-17013601
Convert 1b3e0 (base 16) to base 12.
546a8
-22b097 (base 12) to base 10
-558259
-1121300 (base 8) to base 16
-4a2c0
-2211242300 (base 5) to base 12
-1730219
-177652 (base 8) to base 13
-23a38
Convert -221404431 (base 5) to base 14.
-1b21b3
What is -142637 (base 8) in base 2?
-1100010110011111
Convert -322211203120 (base 4) to base 7.
-244354000
What is -1313140304 (base 6) in base 10?
-15549520
What is -25159b (base 14) in base 8?
-4663445
Convert -122222122210220 (base 3) to base 16.
-91dcc7
Convert -e9e26 (base 15) to base 3.
-1101201021000
Convert 374082 (base 9) to base 13.
7bb87
Convert 27091a (base 13) to base 16.
e67b9
Convert -83a92 (base 11) to base 6.
-2342452
Convert 12149 (base 14) to base 9.
66522
-11100111001100010 (base 2) to base 10
-118370
Convert 1aa (base 16) to base 4.
12222
What is -4214133 (base 5) in base 2?
-10001000100011110
Convert 20331021212 (base 4) to base 8.
10751146
487601 (base 16) to base 10
4748801
Convert 1011111100111101100110 (base 2) to base 5.
1300231121
-2433322 (base 6) to base 14
-35078
Convert 28a4 (base 14) to base 2.
1110000100000
-3233008 (base 9) to base 8
-6473233
What is -3231323120 (base 4) in base 16?
-eded8
Convert 13617021 (base 8) to base 7.
35150410
-2b1c35 (base 13) to base 8
-4030242
Convert d8920 (base 15) to base 4.
2213301030
Convert -3423413 (base 5) to base 2.
-1110111010110100
What is -3210021031 (base 4) in base 10?
-934477
Convert 77341 (base 16) to base 9.
823677
Convert 1294219 (base 10) to base 7.
14000143
What is 403640 (base 9) in base 16?
3a539
116845 (base 14) to base 10
594333
-10221200002 (base 3) to base 2
-10010111111000010
-11103202302 (base 4) to base 12
-570a16
What is a0c1 (base 16) in base 12?
1b995
What is -100121021212 (base 3) in base 11?
-11a01a
Convert 754b73 (base 12) to base 8.
7045207
Convert 3b6cc (base 14) to base 16.
23d64
What is -1311730 (base 8) in base 5?
-43144103
What is -14431232 (base 6) in base 5?
-112024420
What is -24260476 (base 9) in base 2?
-101101001100111101010111
Convert 11467334 (base 8) to base 5.
1121044443
What is -221b72 (base 12) in base 6?
-15343422
Convert 328858 (base 10) to base 14.
87bbc
What is -621568 (base 9) in base 11?
-231a42
28d53 (base 16) to base 9
274374
What is 100101000010000110 (base 2) in base 5?
14323221
-121112200001020 (base 3) to base 10
-8791773
2c9a6 (base 13) to base 7
503142
Convert 2212323330 (base 4) to base 7.
5545335
Convert -382962 (base 11) to base 6.
-20540432
586919 (base 10) to base 9
1084082
1212211110001 (base 3) to base 14
1c0893
Convert -410b78 (base 13) to base 3.
-2212000010201
What is 1101100011000101 (base 2) in base 14?
1631b
Convert 406661 (base 7) to base 6.
1254155
-64491 (base 16) to base 12
-179869
What is 253355 (base 12) in base 5?
123411100
Convert -3231a9 (base 11) to base 10.
-516668
-54154426 (base 8) to base 6
-